008 = x. What is the units digit of a?
6
Let i(j) = j**3 + 3*j**2 - 5*j - 2. Let b be i(-4). Suppose b*s + 2*s = -4, 2*s - 4 = -2*w. Suppose -250 = -2*k - w*k. What is the units digit of k?
0
Suppose -7*l + 6*l = -2. Suppose 3*q + l*q - 300 = 0. What is the units digit of q?
0
Suppose -25 = -0*k - k. Suppose 5*y + k = 4*s, -2*y = 4*s + 2*y + 20. Suppose 4*n - 84 = -s*n. What is the units digit of n?
1
What is the hundreds digit of (-6)/(-15) - (-7614)/15?
5
Let t = 18 - 13. Suppose 41 = -t*m + 231. What is the tens digit of m?
3
Suppose 5*q = -l + 2609, 173*l - 177*l + 2*q + 10480 = 0. What is the units digit of l?
9
Suppose f = -3*c + 300, -f - 2*f - 500 = -5*c. Let p be c/(-15)*18/(-4). Suppose 2*y - 2*m = y + p, -4*y + m = -120. What is the units digit of y?
0
Suppose 90*d - 232313 + 51773 = 0. What is the tens digit of d?
0
Let b(f) = f**3 - 5*f**2 - f - 2. Let m be b(5). Let w be (70/4)/m*-30. Suppose -4*r + 53 = -w. What is the units digit of r?
2
Let n(i) = -i**3 + 3*i**2 - 1. Let x be n(-2). Suppose 0 = 5*w + v + x, 2*w + 17 = -w - 2*v. What is the units digit of (8/3)/((-2)/w)?
4
Suppose -2410 = -6*j + 2000. What is the tens digit of j?
3
Let x(f) = -f - 24. Let b be x(-10). What is the units digit of b*-14*5/20?
9
What is the tens digit of (-4)/3*23688/(-32)?
8
Let i = 49 - 27. Let q = -23 + i. What is the units digit of 27 - (q - 2) - -2?
2
Suppose -4 = -2*n + r, -2*n - r - 20 = 4*r. Suppose n = 5*u - u - 40. What is the tens digit of u?
1
Suppose -5*g + 5*j = -5, 6*g - j = 2*g + 16. Let a = g + 0. Let u = a - -21. What is the tens digit of u?
2
Suppose -x = -3*x + 38. Suppose x*a = 21*a - 62. What is the units digit of a?
1
Let n(y) = -7*y**2 + 2*y - 2. Let q(u) = 6*u**2 - u + 2. Suppose 0 = -3*v - 2 + 11. Let d(l) = v*n(l) + 4*q(l). What is the units digit of d(-3)?
3
Let i(x) = -38*x - 64. Let m be i(-23). Suppose 6*q - m = 138. What is the units digit of q?
8
Let u(a) = -a**2 - 6*a + 12. Let f be u(-10). What is the tens digit of 1/(((-3)/(-16))/((-63)/f))?
1
Let f(c) = 2*c**2 + 3 + c**2 + 0*c**3 + 5*c - 2*c**3. What is the tens digit of f(-3)?
6
Let t(n) = -6*n**3 + 3*n + 3. Let d be t(-1). What is the units digit of (-1 - -4) + d*(-57)/(-6)?
0
Suppose -4*n = -4*w + 96, 6*n - 3*n - 160 = -5*w. Suppose -2*z + w + 3 = 0. What is the tens digit of z?
1
Let g(a) = 50*a**2 - 24*a - 56. What is the thousands digit of g(-5)?
1
Suppose -4*s - 277 = -g + 106, -g + 381 = -2*s. Suppose 0 = 2*l - 15 + g. What is the tens digit of l/(-12) + 2/(-12)?
1
Let k(p) = -15*p + 2. Let y be k(-4). Let v = 10 + y. What is the tens digit of v?
7
Suppose -5*p = 7*p - 7908. What is the units digit of p?
9
Let a(w) = -3*w**3 - 5*w**2 + 3. Let q be a(-4). Let b = -81 + q. What is the units digit of b?
4
Suppose 14937 = 31*m - 6453. What is the tens digit of m?
9
Suppose 18*u + 7648 = 22210. What is the units digit of u?
9
Suppose 3*l = 2*s - 3, -2*l + 6*l = 4*s - 8. What is the tens digit of (2*l/(-2))/((-3)/351)?
1
Let t = -18 - -21. Suppose 0 = -4*c - 3*y + 23, t*c - 2*c + 18 = 4*y. Suppose 5*l = c*l + 135. What is the tens digit of l?
4
Let d(g) = -31*g**2 + 19*g - 1. Let l(y) = -31*y**2 + 17*y - 1. Let h(w) = 4*d(w) - 5*l(w). What is the hundreds digit of h(-3)?
3
Suppose 4*y - 4*d = 104, 5*d - 2*d = 4*y - 107. Suppose -y*v + 702 = -20*v. What is the tens digit of v?
7
Suppose -4*h = 3*s - 773, -h - 1273 = -5*s - 0*h. What is the units digit of s?
5
Let n = 183 - 286. Let s be 0 + -1 - (n - 2). Suppose 0 = -t + 1, 0 = -4*f + 3*t + t + s. What is the units digit of f?
7
Suppose 4*a = 5*g + 46 - 11, -a - 5*g = -15. What is the tens digit of 0 + 1644/a + (-10)/25?
6
Suppose 3*d - u = -6*u + 1905, 2*d = -5*u + 1270. What is the hundreds digit of d?
6
Let o(v) = 498*v + v**3 - 2 + 4 + v**2 - 499*v. Let g = -2 - -5. What is the tens digit of o(g)?
3
Let z(j) = -j**2 + 5*j - 1. Let s be z(7). Let r = s + 58. What is the tens digit of r?
4
Suppose 5*q - 65 = -g, -3*g + 3*q + 195 = -0*g. Let s = g - 8. What is the tens digit of s?
5
Suppose 2*v = -7 + 3, 4*v = 5*t - 48. Let w(f) = -f**3 + 10*f**2 - 7*f + 14. What is the units digit of w(t)?
6
Suppose 0 = -11*p + 4186 + 14899. What is the thousands digit of p?
1
Let g(y) = 1 - y - 5*y**3 - y**2 + 3 - 3. Let x be g(1). What is the tens digit of (3/(x/68))/(-1)?
3
Suppose 3*n = -11 + 17. Suppose 2*v + 37 = c - 36, 5*v = n*c - 148. What is the units digit of c?
9
What is the thousands digit of -3 - (31842/3)/(-2)?
5
Suppose 0 = -4*r + 2*r - 4. What is the units digit of 55 + (12/(-3) - r)?
3
Let f = 1380 - 833. What is the tens digit of f?
4
Suppose 25 = -2*i + 5*p, -5*p - 25 = -10*p. Suppose -d - 4*d + 940 = i. What is the units digit of d?
8
Let h(z) = -z**3 - 4*z**2 + 2*z + 1. Let r be h(-4). Let u(o) = -o**3 - 3*o**2 + 5*o + 3. What is the hundreds digit of u(r)?
1
Let t(w) = -w**3 + 24*w**2 - 8*w + 45. What is the tens digit of t(23)?
9
Let w(d) = 5*d**2 - 5*d + 122. What is the units digit of w(12)?
2
Let t(g) = 9*g**2 + 35*g - 41. What is the hundreds digit of t(-13)?
0
Let z(w) = -3*w + 16. Let c be z(4). Suppose -3*g + c*u = -322, 0*g = 5*g - 2*u - 532. What is the hundreds digit of g?
1
Let h be 64/8*3*(-3)/(-18). Suppose -6*u - 559 = -4*p - u, -h*p - u = -565. What is the tens digit of p?
4
Suppose 0 = -5*u + 34 - 24. Suppose 2*j = -u*j - 40. What is the tens digit of (4/j)/((-14)/1435)?
4
Let j be (-19 - 0)/(3 - 2). Let i = j + 91. What is the tens digit of i?
7
Let s(t) be the second derivative of -t**5/20 - 7*t**4/12 - t**3/2 + 3*t**2 - 11*t. Let x be s(-7). Suppose -5*z = -6*z + x. What is the units digit of z?
7
Let o = 5 + -8. Let x be (o/(-4))/((-4)/(-96)). Suppose -i = -x - 9. What is the tens digit of i?
2
Let p = 513 - 189. What is the units digit of p?
4
Let d = 2027 - 529. What is the hundreds digit of d?
4
Let u be (-2)/(-6) - (-5)/3. Let l = -15 - -15. Suppose -12 - 62 = -4*t - c, l = c - u. What is the tens digit of t?
1
Let p(k) = -80*k**3 + 5*k**2 - k - 16. What is the thousands digit of p(-3)?
2
Let q(g) = g**3 + 4*g**2 + 3. Let t be (10/15)/((-4)/18). What is the units digit of q(t)?
2
What is the tens digit of (6/(-15))/(3/((-5010)/4))?
6
Suppose -68 + 23 = -3*n. Suppose -9*p + 0*p = 9. What is the units digit of (9/(-15))/(p/n)?
9
Suppose -78*a + 41754 = -43188. What is the hundreds digit of a?
0
Let w(q) = -5*q + 7*q**2 + 3 - 15*q**2 + q**3 + 0*q + 14*q**2. What is the tens digit of w(-5)?
5
Suppose 0 = 7*r - 1472 - 1629. What is the units digit of r?
3
Let n = 336 - 224. Let f = 205 - n. What is the tens digit of f?
9
Let v = 2 - 2. Suppose -68 = -5*i + 4*f - 5*f, 0 = 3*i + 5*f - 32. Suppose v = 19*w - i*w - 40. What is the units digit of w?
8
Suppose -5*v = 2*i - 938, 2*i - 3*v - 348 - 558 = 0. What is the tens digit of i?
5
Let n be -4*3 + (-4)/(-1). Let y = n - -32. What is the tens digit of y?
2
What is the hundreds digit of 10/(45/(-23) + 4 + -2)?
2
Let j = -416 - -210. Let d be (-10)/(-65) - j/13. Suppose d*p - 230 = 11*p. What is the units digit of p?
6
Let h(p) = 4*p**3 - p + 2. Suppose 2*m - 20 = -3*m - 2*v, 3*m + 4*v = 26. What is the tens digit of h(m)?
3
Let z(f) = 16*f**3 - 16*f**2 + f. What is the hundreds digit of z(7)?
7
Suppose -63*f + 72600 = -39*f. What is the tens digit of f?
2
Let f = 616 - 412. Suppose 0 = -4*h - 4*a + 220, -f = -2*h + 3*a - 74. What is the units digit of h?
9
Let a(n) = -2*n**2 - 2*n - 3. Suppose -3*o + o + 6 = 0, -2*q - 16 = -4*o. Let v be a(q). What is the tens digit of v + 6 + 23*1?
2
Let s(r) = r**2 + 6*r + 13. Let v(d) = 6 + 7 + 3*d + 2*d**2 - 1 + 2*d. Let k(x) = -3*s(x) + 2*v(x). What is the tens digit of k(12)?
3
Suppose -3*u + u + 5*s + 25 = 0, 2*u - 3*s - 23 = 0. Let l(i) = 3*i - 14. What is the tens digit of l(u)?
1
Suppose -11664 = -9*r + 621. What is the units digit of r?
5
Suppose 8 = -2*r, 0*g - 2*g - 2*r = 2. Let x be (g/6)/((-2)/(-452)). Suppose 0 = -4*p - q + x, 2*p + 2*p - 117 = -5*q. What is the units digit of p?
8
Suppose -3*d + 12 = -3*c, -19 = -3*d + 5*c - 7. Let j be (10/(-15))/(71/36 - 2). Suppose -j = -3*q + v, d*q - v - 3*v = 24. What is the units digit of q?
9
Let m be (3 + (-7 - -4))/2. Suppose m*p = -2*p + 136. What is the tens digit of p?
6
Suppose 19*h + 108 = 18*h. What is the tens digit of ((-12)/(-16))/